{"id":286,"date":"2024-05-26T11:53:20","date_gmt":"2024-05-26T09:53:20","guid":{"rendered":"https:\/\/borisraoult.com\/?page_id=286"},"modified":"2025-05-05T12:59:52","modified_gmt":"2025-05-05T10:59:52","slug":"la-pyramide-de-lyon-de-2038-a-nos-jours","status":"publish","type":"page","link":"https:\/\/borisraoult.com\/index.php\/la-pyramide-de-lyon-de-2038-a-nos-jours\/","title":{"rendered":"La Pyramide de Lyon, de 2038 \u00e0 nos jours"},"content":{"rendered":"\n<p><\/p>\n\n\n\n<figure class=\"wp-block-image size-large\"><img loading=\"lazy\" decoding=\"async\" width=\"1024\" height=\"600\" src=\"https:\/\/borisraoult.com\/wp-content\/uploads\/2025\/05\/Expo-Pyramide-1-1024x600.jpg\" alt=\"\" class=\"wp-image-312\" srcset=\"https:\/\/borisraoult.com\/wp-content\/uploads\/2025\/05\/Expo-Pyramide-1-1024x600.jpg 1024w, https:\/\/borisraoult.com\/wp-content\/uploads\/2025\/05\/Expo-Pyramide-1-300x176.jpg 300w, https:\/\/borisraoult.com\/wp-content\/uploads\/2025\/05\/Expo-Pyramide-1-768x450.jpg 768w, https:\/\/borisraoult.com\/wp-content\/uploads\/2025\/05\/Expo-Pyramide-1-24x14.jpg 24w, https:\/\/borisraoult.com\/wp-content\/uploads\/2025\/05\/Expo-Pyramide-1-36x21.jpg 36w, https:\/\/borisraoult.com\/wp-content\/uploads\/2025\/05\/Expo-Pyramide-1-48x28.jpg 48w, https:\/\/borisraoult.com\/wp-content\/uploads\/2025\/05\/Expo-Pyramide-1.jpg 1348w\" sizes=\"(max-width: 767px) 89vw, (max-width: 1000px) 54vw, (max-width: 1071px) 543px, 580px\" \/><\/figure>\n\n\n\n<figure class=\"wp-block-image size-large\"><img loading=\"lazy\" decoding=\"async\" width=\"1024\" height=\"683\" src=\"https:\/\/borisraoult.com\/wp-content\/uploads\/2025\/05\/Expo-Pyramide-4-1024x683.jpg\" alt=\"\" class=\"wp-image-313\" srcset=\"https:\/\/borisraoult.com\/wp-content\/uploads\/2025\/05\/Expo-Pyramide-4-1024x683.jpg 1024w, https:\/\/borisraoult.com\/wp-content\/uploads\/2025\/05\/Expo-Pyramide-4-300x200.jpg 300w, https:\/\/borisraoult.com\/wp-content\/uploads\/2025\/05\/Expo-Pyramide-4-768x512.jpg 768w, https:\/\/borisraoult.com\/wp-content\/uploads\/2025\/05\/Expo-Pyramide-4-24x16.jpg 24w, https:\/\/borisraoult.com\/wp-content\/uploads\/2025\/05\/Expo-Pyramide-4-36x24.jpg 36w, https:\/\/borisraoult.com\/wp-content\/uploads\/2025\/05\/Expo-Pyramide-4-48x32.jpg 48w, https:\/\/borisraoult.com\/wp-content\/uploads\/2025\/05\/Expo-Pyramide-4.jpg 1349w\" sizes=\"(max-width: 767px) 89vw, (max-width: 1000px) 54vw, (max-width: 1071px) 543px, 580px\" \/><\/figure>\n\n\n\n<figure class=\"wp-block-image size-large\"><img loading=\"lazy\" decoding=\"async\" width=\"1024\" height=\"683\" src=\"https:\/\/borisraoult.com\/wp-content\/uploads\/2025\/05\/Expo-Pyramide-5-1024x683.jpg\" alt=\"\" class=\"wp-image-314\" srcset=\"https:\/\/borisraoult.com\/wp-content\/uploads\/2025\/05\/Expo-Pyramide-5-1024x683.jpg 1024w, https:\/\/borisraoult.com\/wp-content\/uploads\/2025\/05\/Expo-Pyramide-5-300x200.jpg 300w, https:\/\/borisraoult.com\/wp-content\/uploads\/2025\/05\/Expo-Pyramide-5-768x512.jpg 768w, https:\/\/borisraoult.com\/wp-content\/uploads\/2025\/05\/Expo-Pyramide-5-24x16.jpg 24w, https:\/\/borisraoult.com\/wp-content\/uploads\/2025\/05\/Expo-Pyramide-5-36x24.jpg 36w, https:\/\/borisraoult.com\/wp-content\/uploads\/2025\/05\/Expo-Pyramide-5-48x32.jpg 48w, https:\/\/borisraoult.com\/wp-content\/uploads\/2025\/05\/Expo-Pyramide-5.jpg 1349w\" sizes=\"(max-width: 767px) 89vw, (max-width: 1000px) 54vw, (max-width: 1071px) 543px, 580px\" \/><\/figure>\n\n\n\n<figure class=\"wp-block-image size-large\"><img loading=\"lazy\" decoding=\"async\" width=\"683\" height=\"1024\" src=\"https:\/\/borisraoult.com\/wp-content\/uploads\/2025\/05\/Expo-Pyramide-2-683x1024.jpg\" alt=\"\" class=\"wp-image-315\" srcset=\"https:\/\/borisraoult.com\/wp-content\/uploads\/2025\/05\/Expo-Pyramide-2-683x1024.jpg 683w, https:\/\/borisraoult.com\/wp-content\/uploads\/2025\/05\/Expo-Pyramide-2-200x300.jpg 200w, https:\/\/borisraoult.com\/wp-content\/uploads\/2025\/05\/Expo-Pyramide-2-768x1151.jpg 768w, https:\/\/borisraoult.com\/wp-content\/uploads\/2025\/05\/Expo-Pyramide-2-16x24.jpg 16w, https:\/\/borisraoult.com\/wp-content\/uploads\/2025\/05\/Expo-Pyramide-2-24x36.jpg 24w, https:\/\/borisraoult.com\/wp-content\/uploads\/2025\/05\/Expo-Pyramide-2-32x48.jpg 32w, https:\/\/borisraoult.com\/wp-content\/uploads\/2025\/05\/Expo-Pyramide-2.jpg 900w\" sizes=\"(max-width: 683px) 100vw, 683px\" \/><\/figure>\n\n\n\n<p><strong>10 panneaux A0, 5 panneaux A1<\/strong><\/p>\n\n\n\n<p><em>dao, pao, photographie, impression<\/em><\/p>\n\n\n\n<p>Cette \u0153uvre porte une r\u00e9flexion sur la D\u00e9finition du monument et ses caract\u00e9ristiques. Elle traite du monument et de la monumentalit\u00e9 \u00e0 travers un r\u00e9cit fictif s&#8217;appuyant sur diverses photos, textes et articles de journaux.<\/p>\n\n\n\n<p>La monumentalit\u00e9 caract\u00e9rise le monument. Elle est le rapport du monument \u00e0 son environnement. Elle s&#8217;incarne dans la fa\u00e7on dont le monument structure son espace, son milieu, les individus et les discours.<\/p>\n\n\n\n<figure class=\"wp-block-image size-large\"><img loading=\"lazy\" decoding=\"async\" width=\"724\" height=\"1024\" src=\"https:\/\/borisraoult.com\/wp-content\/uploads\/2024\/05\/Affiche-Pyramide-de-Lyon-Boris-RAOULT-La-Menuiserie-juin-2024-724x1024.jpg\" alt=\"\" class=\"wp-image-287\" srcset=\"https:\/\/borisraoult.com\/wp-content\/uploads\/2024\/05\/Affiche-Pyramide-de-Lyon-Boris-RAOULT-La-Menuiserie-juin-2024-724x1024.jpg 724w, https:\/\/borisraoult.com\/wp-content\/uploads\/2024\/05\/Affiche-Pyramide-de-Lyon-Boris-RAOULT-La-Menuiserie-juin-2024-212x300.jpg 212w, https:\/\/borisraoult.com\/wp-content\/uploads\/2024\/05\/Affiche-Pyramide-de-Lyon-Boris-RAOULT-La-Menuiserie-juin-2024-768x1086.jpg 768w, https:\/\/borisraoult.com\/wp-content\/uploads\/2024\/05\/Affiche-Pyramide-de-Lyon-Boris-RAOULT-La-Menuiserie-juin-2024-17x24.jpg 17w, https:\/\/borisraoult.com\/wp-content\/uploads\/2024\/05\/Affiche-Pyramide-de-Lyon-Boris-RAOULT-La-Menuiserie-juin-2024-25x36.jpg 25w, https:\/\/borisraoult.com\/wp-content\/uploads\/2024\/05\/Affiche-Pyramide-de-Lyon-Boris-RAOULT-La-Menuiserie-juin-2024-34x48.jpg 34w, https:\/\/borisraoult.com\/wp-content\/uploads\/2024\/05\/Affiche-Pyramide-de-Lyon-Boris-RAOULT-La-Menuiserie-juin-2024.jpg 794w\" sizes=\"(max-width: 724px) 100vw, 724px\" \/><\/figure>\n","protected":false},"excerpt":{"rendered":"<p>10 panneaux A0, 5 panneaux A1 dao, pao, photographie, impression Cette \u0153uvre porte une r\u00e9flexion sur la D\u00e9finition du monument et ses caract\u00e9ristiques. Elle traite du monument et de la monumentalit\u00e9 \u00e0 travers un r\u00e9cit fictif s&#8217;appuyant sur diverses photos, textes et articles de journaux. La monumentalit\u00e9 caract\u00e9rise le monument. Elle est le rapport du &hellip; <\/p>\n<p class=\"link-more\"><a href=\"https:\/\/borisraoult.com\/index.php\/la-pyramide-de-lyon-de-2038-a-nos-jours\/\" class=\"more-link\">Continue reading<span class=\"screen-reader-text\"> &#8220;La Pyramide de Lyon, de 2038 \u00e0 nos jours&#8221;<\/span><\/a><\/p>\n","protected":false},"author":1,"featured_media":0,"parent":0,"menu_order":0,"comment_status":"closed","ping_status":"closed","template":"","meta":{"footnotes":""},"_links":{"self":[{"href":"https:\/\/borisraoult.com\/index.php\/wp-json\/wp\/v2\/pages\/286"}],"collection":[{"href":"https:\/\/borisraoult.com\/index.php\/wp-json\/wp\/v2\/pages"}],"about":[{"href":"https:\/\/borisraoult.com\/index.php\/wp-json\/wp\/v2\/types\/page"}],"author":[{"embeddable":true,"href":"https:\/\/borisraoult.com\/index.php\/wp-json\/wp\/v2\/users\/1"}],"replies":[{"embeddable":true,"href":"https:\/\/borisraoult.com\/index.php\/wp-json\/wp\/v2\/comments?post=286"}],"version-history":[{"count":4,"href":"https:\/\/borisraoult.com\/index.php\/wp-json\/wp\/v2\/pages\/286\/revisions"}],"predecessor-version":[{"id":316,"href":"https:\/\/borisraoult.com\/index.php\/wp-json\/wp\/v2\/pages\/286\/revisions\/316"}],"wp:attachment":[{"href":"https:\/\/borisraoult.com\/index.php\/wp-json\/wp\/v2\/media?parent=286"}],"curies":[{"name":"wp","href":"https:\/\/api.w.org\/{rel}","templated":true}]}}