{"id":52,"date":"2018-01-30T17:23:40","date_gmt":"2018-01-30T16:23:40","guid":{"rendered":"http:\/\/borisraoult.com\/index.php\/mesmerize\/"},"modified":"2025-05-05T13:01:35","modified_gmt":"2025-05-05T11:01:35","slug":"mesmerize","status":"publish","type":"page","link":"https:\/\/borisraoult.com\/","title":{"rendered":""},"content":{"rendered":"\n<p><\/p>\n\n\n\n<p class=\"has-large-font-size\"><a href=\"https:\/\/borisraoult.com\/index.php\/livre-dartiste-la-pyramide-de-lyon-un-monument-majeur-de-2038-a-nos-jours\/\" data-type=\"page\" data-id=\"298\">11 &#8211; Livre d&#8217;artiste : La Pyramide de Lyon, un monument majeur, de 2038 \u00e0 nos jours<\/a><\/p>\n\n\n\n<p class=\"has-large-font-size\"><a href=\"https:\/\/borisraoult.com\/index.php\/pyramide-de-lyon-et-paysage-itineraire-dun-peintre-urbain\/\" data-type=\"page\" data-id=\"292\">10 &#8211; Pyramide de Lyon et paysage : Itin\u00e9raire d&#8217;un peintre urbain<\/a><\/p>\n\n\n\n<p class=\"has-large-font-size\"><a href=\"https:\/\/borisraoult.com\/index.php\/la-pyramide-de-lyon-de-2038-a-nos-jours\/\">9 &#8211; La Pyramide de Lyon, de 2038 \u00e0 nos jours<\/a><\/p>\n\n\n\n<p class=\"has-large-font-size\">8 &#8211; Texte sur le monument<\/p>\n\n\n\n<p class=\"has-large-font-size\"><a href=\"https:\/\/borisraoult.com\/index.php\/boundless\/\">7 &#8211; Boundless<\/a><\/p>\n\n\n\n<p class=\"has-large-font-size\"><a href=\"https:\/\/borisraoult.com\/index.php\/repentir\/\">6 &#8211; Repentir<\/a><\/p>\n\n\n\n<p class=\"has-large-font-size\">5 &#8211; Sms Vault<\/p>\n\n\n\n<p class=\"has-large-font-size\"><a href=\"https:\/\/borisraoult.com\/index.php\/infinite-de-portes\/\">4 &#8211; Infinit\u00e9 de portes<\/a><\/p>\n\n\n\n<p class=\"has-large-font-size\">3 &#8211; Premier Texte sur la Valeur des Choses<\/p>\n\n\n\n<p class=\"has-large-font-size\"><a href=\"https:\/\/borisraoult.com\/index.php\/jesuislanature\/\">2 \u2013 Je suis la nature<\/a><\/p>\n\n\n\n<p class=\"has-large-font-size\"><a href=\"https:\/\/borisraoult.com\/index.php\/abstrait-1\/\">1 &#8211; Ensemble abstrait<\/a><\/p>\n","protected":false},"excerpt":{"rendered":"<p>11 &#8211; Livre d&#8217;artiste : La Pyramide de Lyon, un monument majeur, de 2038 \u00e0 nos jours 10 &#8211; Pyramide de Lyon et paysage : Itin\u00e9raire d&#8217;un peintre urbain 9 &#8211; La Pyramide de Lyon, de 2038 \u00e0 nos jours 8 &#8211; Texte sur le monument 7 &#8211; Boundless 6 &#8211; Repentir 5 &#8211; Sms &hellip; <\/p>\n<p class=\"link-more\"><a href=\"https:\/\/borisraoult.com\/\" class=\"more-link\">Continue reading<span class=\"screen-reader-text\"> &#8220;&#8221;<\/span><\/a><\/p>\n","protected":false},"author":1,"featured_media":0,"parent":0,"menu_order":0,"comment_status":"closed","ping_status":"closed","template":"","meta":{"footnotes":""},"_links":{"self":[{"href":"https:\/\/borisraoult.com\/index.php\/wp-json\/wp\/v2\/pages\/52"}],"collection":[{"href":"https:\/\/borisraoult.com\/index.php\/wp-json\/wp\/v2\/pages"}],"about":[{"href":"https:\/\/borisraoult.com\/index.php\/wp-json\/wp\/v2\/types\/page"}],"author":[{"embeddable":true,"href":"https:\/\/borisraoult.com\/index.php\/wp-json\/wp\/v2\/users\/1"}],"replies":[{"embeddable":true,"href":"https:\/\/borisraoult.com\/index.php\/wp-json\/wp\/v2\/comments?post=52"}],"version-history":[{"count":43,"href":"https:\/\/borisraoult.com\/index.php\/wp-json\/wp\/v2\/pages\/52\/revisions"}],"predecessor-version":[{"id":317,"href":"https:\/\/borisraoult.com\/index.php\/wp-json\/wp\/v2\/pages\/52\/revisions\/317"}],"wp:attachment":[{"href":"https:\/\/borisraoult.com\/index.php\/wp-json\/wp\/v2\/media?parent=52"}],"curies":[{"name":"wp","href":"https:\/\/api.w.org\/{rel}","templated":true}]}}